{"id":162,"date":"2019-07-20T18:04:27","date_gmt":"2019-07-20T16:04:27","guid":{"rendered":"http:\/\/www.amdafir.com\/?page_id=162"},"modified":"2019-07-20T18:26:21","modified_gmt":"2019-07-20T16:26:21","slug":"strategic-intelligence-days","status":"publish","type":"page","link":"https:\/\/www.amdafir.com\/index.php\/strategic-intelligence-days\/","title":{"rendered":"Strategic Intelligence Days"},"content":{"rendered":"\n<p>Les Strategic Intelligence Days sont un cycle de conf\u00e9rences d\u00e9di\u00e9s \u00e0 la discussion de la pratique de l&rsquo;intelligence \u00e9conomique au Maroc et ailleurs. Ils sont \u00e0 l&rsquo;initiative du professeur Amine DAFIR, M. Zouhir Laghnimi, directeur de la m\u00e9diath\u00e9que de la Fondation Mohamed VI et M. Thibault CHANTERPERDRIX, le directeur de Delta Knowledg Group.<\/p>\n\n\n\n<p>Ces rencontres affichent une double ambition\u00a0:<\/p>\n\n\n\n<ul class=\"wp-block-list\"><li>Cr\u00e9er un cadre d\u2019\u00e9change propice \u00e0 la d\u00e9monstration et \u00e0 l\u2019op\u00e9rationnalisation des m\u00e9thodologies d\u2019IES au sein des composantes publiques et priv\u00e9es du Royaume du Maroc<\/li><li>Construire des passerelles m\u00e9thodologiques et op\u00e9rationnelles entre les praticiens marocains de l\u2019intelligence \u00e9conomique et leurs homologues continentaux<\/li><\/ul>\n\n\n\n<p>Quelques liens parlant de l&rsquo;\u00e9v\u00e9nement:<\/p>\n\n\n\n<ul class=\"wp-block-list\"><li><a href=\"https:\/\/www.aege.fr\/news\/strategic-intelligence-days-creation-d-un-cycle-de-conferences-consacre-a-l-ies-au-maroc-8015?fbclid=IwAR25_arOKVXB3Aruuq9uC_tFLVEl09E-QKnxJHG2EAOlsMb6XG59gapW8WY\">https:\/\/www.aege.fr\/news\/strategic-intelligence-days-creation-d-un-cycle-de-conferences-consacre-a-l-ies-au-maroc-8015<\/a><\/li><li> <a href=\"http:\/\/aujourdhui.ma\/emploi\/lintelligence-economique-un-outil-puissant-pour-les-entreprises\">http:\/\/aujourdhui.ma\/emploi\/lintelligence-economique-un-outil-puissant-pour-les-entreprises<\/a> <\/li><li> <a href=\"https:\/\/portail-ie.fr\/short\/1994\/cr-intelligence-economique-et-internationalisation-rabat-accueille-les-sid\">https:\/\/portail-ie.fr\/short\/1994\/cr-intelligence-economique-et-internationalisation-rabat-accueille-les-sid<\/a> <\/li><li> <a href=\"https:\/\/www.facebook.com\/pg\/StrategicIntelligenceDays\/\">https:\/\/www.facebook.com\/pg\/StrategicIntelligenceDays\/<\/a> <\/li><li> <a href=\"https:\/\/www.yabiladi.com\/articles\/details\/71124\/rabat-l-internationalisation-entreprises-marocaines-afrique.html\">https:\/\/www.yabiladi.com\/articles\/details\/71124\/rabat-l-internationalisation-entreprises-marocaines-afrique.html<\/a> <\/li><li> <a href=\"https:\/\/www.deltakgroup.com\/actualites\">https:\/\/www.deltakgroup.com\/actualites<\/a> <\/li><\/ul>\n","protected":false},"excerpt":{"rendered":"<p>Les Strategic Intelligence Days sont un cycle de conf\u00e9rences d\u00e9di\u00e9s \u00e0 la discussion de la pratique de l&rsquo;intelligence \u00e9conomique au Maroc et ailleurs. Ils sont \u00e0 l&rsquo;initiative du professeur Amine DAFIR, M. Zouhir Laghnimi, directeur de la m\u00e9diath\u00e9que de la Fondation Mohamed VI et M. Thibault CHANTERPERDRIX, le directeur de Delta Knowledg Group. Ces rencontres&hellip;<\/p>\n","protected":false},"author":2,"featured_media":0,"parent":0,"menu_order":0,"comment_status":"closed","ping_status":"closed","template":"","meta":{"iawp_total_views":52,"footnotes":""},"class_list":["post-162","page","type-page","status-publish","hentry"],"jetpack_sharing_enabled":true,"_links":{"self":[{"href":"https:\/\/www.amdafir.com\/index.php\/wp-json\/wp\/v2\/pages\/162","targetHints":{"allow":["GET"]}}],"collection":[{"href":"https:\/\/www.amdafir.com\/index.php\/wp-json\/wp\/v2\/pages"}],"about":[{"href":"https:\/\/www.amdafir.com\/index.php\/wp-json\/wp\/v2\/types\/page"}],"author":[{"embeddable":true,"href":"https:\/\/www.amdafir.com\/index.php\/wp-json\/wp\/v2\/users\/2"}],"replies":[{"embeddable":true,"href":"https:\/\/www.amdafir.com\/index.php\/wp-json\/wp\/v2\/comments?post=162"}],"version-history":[{"count":3,"href":"https:\/\/www.amdafir.com\/index.php\/wp-json\/wp\/v2\/pages\/162\/revisions"}],"predecessor-version":[{"id":171,"href":"https:\/\/www.amdafir.com\/index.php\/wp-json\/wp\/v2\/pages\/162\/revisions\/171"}],"wp:attachment":[{"href":"https:\/\/www.amdafir.com\/index.php\/wp-json\/wp\/v2\/media?parent=162"}],"curies":[{"name":"wp","href":"https:\/\/api.w.org\/{rel}","templated":true}]}}