{"id":17,"date":"2019-06-17T16:50:05","date_gmt":"2019-06-17T14:50:05","guid":{"rendered":"http:\/\/amdafir.com\/?page_id=17"},"modified":"2019-06-19T22:18:50","modified_gmt":"2019-06-19T20:18:50","slug":"conferences","status":"publish","type":"page","link":"https:\/\/www.amdafir.com\/index.php\/publications\/conferences\/","title":{"rendered":"Conf\u00e9rences"},"content":{"rendered":"\n<ul class=\"wp-block-list\"><li>A. Dafir. <strong>L\u2019ouverture du Maroc sur l\u2019Afrique : opportunit\u00e9s et d\u00e9fis pour l\u2019\u00e9conomie marocaine. <\/strong>Forum National des Futurs Managers. Universit\u00e9 priv\u00e9e de FES. Avril 2017.<\/li><li>A. Dafir. <strong>L\u2019intelligence \u00e9conomique et comp\u00e9titivit\u00e9 des entreprises marocaines.<\/strong> EMI, 11 F\u00e9vrier 2019.<\/li><li>A. Dafir. <strong>L\u2019apport de l\u2019intelligence \u00e9conomique \u00e0 l\u2019internationalisation des entreprises marocaines en Afrique.<\/strong> la m\u00e9diath\u00e8que de la Fondation Mohammed V de promotion des \u0153uvres sociales de l\u2019\u00e9ducation-formation 2018. <a href=\"https:\/\/www.yabiladi.com\/articles\/details\/71124\/rabat-l-internationalisation-entreprises-marocaines-afrique.html\">https:\/\/www.yabiladi.com\/articles\/details\/71124\/rabat-l-internationalisation-entreprises-marocaines-afrique.html<\/a><\/li><\/ul>\n","protected":false},"excerpt":{"rendered":"<p>A. Dafir. L\u2019ouverture du Maroc sur l\u2019Afrique : opportunit\u00e9s et d\u00e9fis pour l\u2019\u00e9conomie marocaine. Forum National des Futurs Managers. Universit\u00e9 priv\u00e9e de FES. Avril 2017. A. Dafir. L\u2019intelligence \u00e9conomique et comp\u00e9titivit\u00e9 des entreprises marocaines. EMI, 11 F\u00e9vrier 2019. A. Dafir. L\u2019apport de l\u2019intelligence \u00e9conomique \u00e0 l\u2019internationalisation des entreprises marocaines en Afrique. la m\u00e9diath\u00e8que de la&hellip;<\/p>\n","protected":false},"author":2,"featured_media":0,"parent":10,"menu_order":0,"comment_status":"closed","ping_status":"closed","template":"","meta":{"iawp_total_views":57,"footnotes":""},"class_list":["post-17","page","type-page","status-publish","hentry"],"jetpack_sharing_enabled":true,"_links":{"self":[{"href":"https:\/\/www.amdafir.com\/index.php\/wp-json\/wp\/v2\/pages\/17","targetHints":{"allow":["GET"]}}],"collection":[{"href":"https:\/\/www.amdafir.com\/index.php\/wp-json\/wp\/v2\/pages"}],"about":[{"href":"https:\/\/www.amdafir.com\/index.php\/wp-json\/wp\/v2\/types\/page"}],"author":[{"embeddable":true,"href":"https:\/\/www.amdafir.com\/index.php\/wp-json\/wp\/v2\/users\/2"}],"replies":[{"embeddable":true,"href":"https:\/\/www.amdafir.com\/index.php\/wp-json\/wp\/v2\/comments?post=17"}],"version-history":[{"count":2,"href":"https:\/\/www.amdafir.com\/index.php\/wp-json\/wp\/v2\/pages\/17\/revisions"}],"predecessor-version":[{"id":69,"href":"https:\/\/www.amdafir.com\/index.php\/wp-json\/wp\/v2\/pages\/17\/revisions\/69"}],"up":[{"embeddable":true,"href":"https:\/\/www.amdafir.com\/index.php\/wp-json\/wp\/v2\/pages\/10"}],"wp:attachment":[{"href":"https:\/\/www.amdafir.com\/index.php\/wp-json\/wp\/v2\/media?parent=17"}],"curies":[{"name":"wp","href":"https:\/\/api.w.org\/{rel}","templated":true}]}}