{"id":52,"date":"2019-06-17T16:59:48","date_gmt":"2019-06-17T14:59:48","guid":{"rendered":"http:\/\/amdafir.com\/?page_id=52"},"modified":"2024-05-07T01:18:05","modified_gmt":"2024-05-06T23:18:05","slug":"videos","status":"publish","type":"page","link":"https:\/\/www.amdafir.com\/index.php\/videos\/","title":{"rendered":"Vid\u00e9os"},"content":{"rendered":"\n<figure class=\"wp-block-embed is-type-video is-provider-youtube wp-block-embed-youtube wp-embed-aspect-16-9 wp-has-aspect-ratio\"><div class=\"wp-block-embed__wrapper\">\n<div class=\"jetpack-video-wrapper\"><iframe loading=\"lazy\" title=\"\u0627\u0644\u0638\u0647\u064a\u0631\u0629 : \u0627\u0644\u0623\u062d\u062f 28 \u0645\u0627\u064a 2023\" width=\"720\" height=\"405\" src=\"https:\/\/www.youtube.com\/embed\/B5LKd5nxOao?feature=oembed\" frameborder=\"0\" allow=\"accelerometer; autoplay; clipboard-write; encrypted-media; gyroscope; picture-in-picture; web-share\" referrerpolicy=\"strict-origin-when-cross-origin\" allowfullscreen><\/iframe><\/div>\n<\/div><\/figure>\n\n\n\n<figure class=\"wp-block-embed is-type-video is-provider-youtube wp-block-embed-youtube wp-embed-aspect-16-9 wp-has-aspect-ratio\"><div class=\"wp-block-embed__wrapper\">\n<div class=\"jetpack-video-wrapper\"><iframe loading=\"lazy\" title=\"\u0627\u0644\u0645\u0633\u0627\u0626\u064a\u0629 : \u0627\u0644\u062b\u0644\u0627\u062b\u0627\u0621  22 \u0641\u0628\u0631\u0627\u064a\u0631 2022\" width=\"720\" height=\"405\" src=\"https:\/\/www.youtube.com\/embed\/F0fH-aa_1MQ?feature=oembed\" frameborder=\"0\" allow=\"accelerometer; autoplay; clipboard-write; encrypted-media; gyroscope; picture-in-picture; web-share\" referrerpolicy=\"strict-origin-when-cross-origin\" allowfullscreen><\/iframe><\/div>\n<\/div><\/figure>\n\n\n\n<figure class=\"wp-block-embed is-type-video is-provider-youtube wp-block-embed-youtube wp-embed-aspect-16-9 wp-has-aspect-ratio\"><div class=\"wp-block-embed__wrapper\">\n<div class=\"jetpack-video-wrapper\"><iframe loading=\"lazy\" title=\"\u0643\u0648\u0641\u064a\u062f \u0639\u0646\u062f\u064a \u0633\u0648\u0654\u0627\u0644 - \u062a\u0623\u062b\u064a\u0631 \u062c\u0627\u0626\u062d\u0629 \u0643\u0648\u0631\u0648\u0646\u0627 \u0639\u0644\u0649 \u0627\u0644\u0627\u0642\u062a\u0635\u0627\u062f \u0627\u0644\u0648\u0637\u0646\u064a \u0648\u0648\u0633\u0627\u0626\u0644 \u062a\u062d\u0642\u064a\u0642 \u0627\u0644\u0627\u0646\u062a\u0639\u0627\u0634 \u0627\u0644\u0627\u0642\u062a\u0635\u0627\u062f\u064a 28\/05\/2020\" width=\"720\" height=\"405\" src=\"https:\/\/www.youtube.com\/embed\/48S8mm29ojc?feature=oembed\" frameborder=\"0\" allow=\"accelerometer; autoplay; clipboard-write; encrypted-media; gyroscope; picture-in-picture; web-share\" referrerpolicy=\"strict-origin-when-cross-origin\" allowfullscreen><\/iframe><\/div>\n<\/div><\/figure>\n\n\n\n<figure class=\"wp-block-embed is-type-video is-provider-youtube wp-block-embed-youtube wp-embed-aspect-16-9 wp-has-aspect-ratio\"><div class=\"wp-block-embed__wrapper\">\n<div class=\"jetpack-video-wrapper\"><iframe loading=\"lazy\" title=\"AMINE DAFIR - La pratique de l&#039;intelligence \u00e9conomique en Afrique : Sp\u00e9cificit\u00e9s et limites\" width=\"720\" height=\"405\" src=\"https:\/\/www.youtube.com\/embed\/CVk-n0uuh9k?feature=oembed\" frameborder=\"0\" allow=\"accelerometer; autoplay; clipboard-write; encrypted-media; gyroscope; picture-in-picture; web-share\" referrerpolicy=\"strict-origin-when-cross-origin\" allowfullscreen><\/iframe><\/div>\n<\/div><\/figure>\n\n\n\n<figure class=\"wp-block-embed is-type-video is-provider-youtube wp-block-embed-youtube wp-embed-aspect-16-9 wp-has-aspect-ratio\"><div class=\"wp-block-embed__wrapper\">\n<div class=\"jetpack-video-wrapper\"><iframe loading=\"lazy\" title=\"Atelier (4 ) :  L&#039;intelligence Economique Et L&#039;intelligence Artificielle\" width=\"720\" height=\"405\" src=\"https:\/\/www.youtube.com\/embed\/ZHArRRqKYfM?feature=oembed\" frameborder=\"0\" allow=\"accelerometer; autoplay; clipboard-write; encrypted-media; gyroscope; picture-in-picture; web-share\" referrerpolicy=\"strict-origin-when-cross-origin\" allowfullscreen><\/iframe><\/div>\n<\/div><\/figure>\n\n\n\n<figure class=\"wp-block-embed is-type-video is-provider-youtube wp-block-embed-youtube wp-embed-aspect-16-9 wp-has-aspect-ratio\"><div class=\"wp-block-embed__wrapper\">\n<div class=\"jetpack-video-wrapper\"><iframe loading=\"lazy\" title=\"\u0627\u0644\u062c\u0644\u0633\u0629 \u0627\u0644\u0627\u0641\u062a\u062a\u0627\u062d\u064a\u0629\u0644\u0644\u0645\u0644\u062a\u0642\u0649 \u0627\u0644\u062f\u0648\u0644\u064a#\u0627\u0644\u0630\u0643\u0627\u0621_\u0627\u0644\u0625\u0642\u062a\u0635\u0627\u062f\u064a_\u0628\u0625\u0641\u0631\u064a\u0642\u064a\u0627 \u0627\u0644\u062e\u0635\u0627\u0626\u0635 \u0648 \u0627\u0644\u0625\u0643\u0631\u0627\u0647\u0627\u062a#\u062c\u0627\u0645\u0639\u0629_\u0645\u062d\u0645\u062f_\u0627\u0644\u0627\u0648\u0644_\u0628\u0648\u062c\u062f\u0629\" width=\"720\" height=\"405\" src=\"https:\/\/www.youtube.com\/embed\/MbhzM0KaajQ?start=1644&#038;feature=oembed\" frameborder=\"0\" allow=\"accelerometer; autoplay; clipboard-write; encrypted-media; gyroscope; picture-in-picture; web-share\" referrerpolicy=\"strict-origin-when-cross-origin\" allowfullscreen><\/iframe><\/div>\n<\/div><\/figure>\n\n\n\n<figure class=\"wp-block-embed is-type-video is-provider-youtube wp-block-embed-youtube wp-embed-aspect-16-9 wp-has-aspect-ratio\"><div class=\"wp-block-embed__wrapper\">\n<div class=\"jetpack-video-wrapper\"><iframe loading=\"lazy\" title=\"R\u00e9ussir l&#039;import \/ export au Maroc : Conseils pratiques\" width=\"720\" height=\"405\" src=\"https:\/\/www.youtube.com\/embed\/iuX6uEDnxcw?feature=oembed\" frameborder=\"0\" allow=\"accelerometer; autoplay; clipboard-write; encrypted-media; gyroscope; picture-in-picture; web-share\" referrerpolicy=\"strict-origin-when-cross-origin\" allowfullscreen><\/iframe><\/div>\n<\/div><\/figure>\n\n\n\n<figure class=\"wp-block-embed is-type-video is-provider-youtube wp-block-embed-youtube wp-embed-aspect-16-9 wp-has-aspect-ratio\"><div class=\"wp-block-embed__wrapper\">\n<div class=\"jetpack-video-wrapper\"><iframe loading=\"lazy\" title=\"\u0627\u0642\u062a\u0635\u0627\u062f \u0645\u0627 \u0628\u0639\u062f \u0627\u0644\u062c\u0627\u0626\u062d\u0629-\u0645\u062d\u0627\u0636\u0631\u0629-\u0627\u0644\u0623\u0633\u062a\u0627\u0630 \u0623\u0645\u064a\u0646 \u0638\u0627\u0641\u0631\" width=\"720\" height=\"405\" src=\"https:\/\/www.youtube.com\/embed\/UXEsrW1FU0Q?feature=oembed\" frameborder=\"0\" allow=\"accelerometer; autoplay; clipboard-write; encrypted-media; gyroscope; picture-in-picture; web-share\" referrerpolicy=\"strict-origin-when-cross-origin\" allowfullscreen><\/iframe><\/div>\n<\/div><\/figure>\n\n\n\n<figure class=\"wp-block-embed is-type-video is-provider-youtube wp-block-embed-youtube wp-embed-aspect-16-9 wp-has-aspect-ratio\"><div class=\"wp-block-embed__wrapper\">\n<div class=\"jetpack-video-wrapper\"><iframe loading=\"lazy\" title=\"Rabat : L\u2019internationalisation des entreprises marocaines en Afrique au c\u0153ur d\u2019une conf\u00e9rence\" width=\"720\" height=\"405\" src=\"https:\/\/www.youtube.com\/embed\/FEKXbeLOLrQ?feature=oembed\" frameborder=\"0\" allow=\"accelerometer; autoplay; clipboard-write; encrypted-media; gyroscope; picture-in-picture; web-share\" referrerpolicy=\"strict-origin-when-cross-origin\" allowfullscreen><\/iframe><\/div>\n<\/div><\/figure>\n","protected":false},"excerpt":{"rendered":"","protected":false},"author":2,"featured_media":0,"parent":0,"menu_order":0,"comment_status":"closed","ping_status":"closed","template":"","meta":{"iawp_total_views":461,"footnotes":""},"class_list":["post-52","page","type-page","status-publish","hentry"],"jetpack_sharing_enabled":true,"_links":{"self":[{"href":"https:\/\/www.amdafir.com\/index.php\/wp-json\/wp\/v2\/pages\/52","targetHints":{"allow":["GET"]}}],"collection":[{"href":"https:\/\/www.amdafir.com\/index.php\/wp-json\/wp\/v2\/pages"}],"about":[{"href":"https:\/\/www.amdafir.com\/index.php\/wp-json\/wp\/v2\/types\/page"}],"author":[{"embeddable":true,"href":"https:\/\/www.amdafir.com\/index.php\/wp-json\/wp\/v2\/users\/2"}],"replies":[{"embeddable":true,"href":"https:\/\/www.amdafir.com\/index.php\/wp-json\/wp\/v2\/comments?post=52"}],"version-history":[{"count":7,"href":"https:\/\/www.amdafir.com\/index.php\/wp-json\/wp\/v2\/pages\/52\/revisions"}],"predecessor-version":[{"id":505,"href":"https:\/\/www.amdafir.com\/index.php\/wp-json\/wp\/v2\/pages\/52\/revisions\/505"}],"wp:attachment":[{"href":"https:\/\/www.amdafir.com\/index.php\/wp-json\/wp\/v2\/media?parent=52"}],"curies":[{"name":"wp","href":"https:\/\/api.w.org\/{rel}","templated":true}]}}