{"id":561,"date":"2024-12-25T16:59:40","date_gmt":"2024-12-25T15:59:40","guid":{"rendered":"https:\/\/www.amdafir.com\/?page_id=561"},"modified":"2024-12-25T16:59:40","modified_gmt":"2024-12-25T15:59:40","slug":"these-diplomatie-economique-marocaine-formation-acteurs-et-actions","status":"publish","type":"page","link":"https:\/\/www.amdafir.com\/index.php\/these-diplomatie-economique-marocaine-formation-acteurs-et-actions\/","title":{"rendered":"Th\u00e8se \u00ab\u00a0Diplomatie \u00e9conomique marocaine: Formation, acteurs et actions\u00a0\u00bb"},"content":{"rendered":"\n<p>Ci-joint, il est possible de t\u00e9l\u00e9charger le fichier PDF de la th\u00e8se portant sur \u00ab\u00a0La diplomatie \u00e9conomique marocaine: Formation, Acteurs et Actions\u00a0\u00bb soutenue en Juillet 2014 par le professeur Amine DAFIR.<\/p>\n\n\n\n<div data-wp-interactive=\"core\/file\" class=\"wp-block-file\"><object data-wp-bind--hidden=\"!state.hasPdfPreview\" hidden class=\"wp-block-file__embed\" data=\"https:\/\/www.amdafir.com\/wp-content\/uploads\/2024\/12\/these-dafir-diplomatie-economique-2014-FSJESS.pdf\" type=\"application\/pdf\" style=\"width:100%;height:600px\" aria-label=\"Contenu embarqu\u00e9 these dafir diplomatie e\u0301conomique 2014 FSJESS.\"><\/object><a id=\"wp-block-file--media-990af298-f0d3-4d86-a3bb-196d73d3f495\" href=\"https:\/\/www.amdafir.com\/wp-content\/uploads\/2024\/12\/these-dafir-diplomatie-economique-2014-FSJESS.pdf\">these dafir diplomatie e\u0301conomique 2014 FSJESS<\/a><a href=\"https:\/\/www.amdafir.com\/wp-content\/uploads\/2024\/12\/these-dafir-diplomatie-economique-2014-FSJESS.pdf\" class=\"wp-block-file__button wp-element-button\" download aria-describedby=\"wp-block-file--media-990af298-f0d3-4d86-a3bb-196d73d3f495\">T\u00e9l\u00e9charger<\/a><\/div>\n","protected":false},"excerpt":{"rendered":"<p>Ci-joint, il est possible de t\u00e9l\u00e9charger le fichier PDF de la th\u00e8se portant sur \u00ab\u00a0La diplomatie \u00e9conomique marocaine: Formation, Acteurs et Actions\u00a0\u00bb soutenue en Juillet 2014 par le professeur Amine DAFIR.<\/p>\n","protected":false},"author":2,"featured_media":0,"parent":0,"menu_order":0,"comment_status":"closed","ping_status":"closed","template":"","meta":{"iawp_total_views":111,"footnotes":""},"class_list":["post-561","page","type-page","status-publish","hentry"],"jetpack_sharing_enabled":true,"_links":{"self":[{"href":"https:\/\/www.amdafir.com\/index.php\/wp-json\/wp\/v2\/pages\/561","targetHints":{"allow":["GET"]}}],"collection":[{"href":"https:\/\/www.amdafir.com\/index.php\/wp-json\/wp\/v2\/pages"}],"about":[{"href":"https:\/\/www.amdafir.com\/index.php\/wp-json\/wp\/v2\/types\/page"}],"author":[{"embeddable":true,"href":"https:\/\/www.amdafir.com\/index.php\/wp-json\/wp\/v2\/users\/2"}],"replies":[{"embeddable":true,"href":"https:\/\/www.amdafir.com\/index.php\/wp-json\/wp\/v2\/comments?post=561"}],"version-history":[{"count":1,"href":"https:\/\/www.amdafir.com\/index.php\/wp-json\/wp\/v2\/pages\/561\/revisions"}],"predecessor-version":[{"id":564,"href":"https:\/\/www.amdafir.com\/index.php\/wp-json\/wp\/v2\/pages\/561\/revisions\/564"}],"wp:attachment":[{"href":"https:\/\/www.amdafir.com\/index.php\/wp-json\/wp\/v2\/media?parent=561"}],"curies":[{"name":"wp","href":"https:\/\/api.w.org\/{rel}","templated":true}]}}