{"id":566,"date":"2025-01-03T11:40:39","date_gmt":"2025-01-03T10:40:39","guid":{"rendered":"https:\/\/www.amdafir.com\/?page_id=566"},"modified":"2025-01-03T20:12:12","modified_gmt":"2025-01-03T19:12:12","slug":"management-de-la-logistique-internationale","status":"publish","type":"page","link":"https:\/\/www.amdafir.com\/index.php\/management-de-la-logistique-internationale\/","title":{"rendered":"Management de la logistique internationale: Techniques d&rsquo;import et d&rsquo;export"},"content":{"rendered":"<div class=\"wp-block-image\">\n<figure class=\"aligncenter size-large\"><img loading=\"lazy\" decoding=\"async\" width=\"773\" height=\"1024\" src=\"https:\/\/www.amdafir.com\/wp-content\/uploads\/2025\/01\/livre-2025-1-773x1024.png\" alt=\"\" class=\"wp-image-596\" srcset=\"https:\/\/www.amdafir.com\/wp-content\/uploads\/2025\/01\/livre-2025-1-773x1024.png 773w, https:\/\/www.amdafir.com\/wp-content\/uploads\/2025\/01\/livre-2025-1-227x300.png 227w, https:\/\/www.amdafir.com\/wp-content\/uploads\/2025\/01\/livre-2025-1-768x1017.png 768w, https:\/\/www.amdafir.com\/wp-content\/uploads\/2025\/01\/livre-2025-1-151x200.png 151w, https:\/\/www.amdafir.com\/wp-content\/uploads\/2025\/01\/livre-2025-1-453x600.png 453w, https:\/\/www.amdafir.com\/wp-content\/uploads\/2025\/01\/livre-2025-1-755x1000.png 755w, https:\/\/www.amdafir.com\/wp-content\/uploads\/2025\/01\/livre-2025-1.png 826w\" sizes=\"auto, (max-width: 773px) 100vw, 773px\" \/><\/figure>\n<\/div>\n\n\n<p>@ Boumaaz Younes\/Amine DAFIR 2025<\/p>\n\n\n\n<p><strong>Titre : MANAGEMENT DE LA LOGISTIQUE INTERNATIONALE : Techniques d\u2019import et d\u2019export<\/strong><\/p>\n\n\n\n<ul class=\"wp-block-list\">\n<li><strong>Auteurs&nbsp;: Boumaaz Younes et Amine DAFIR<\/strong><\/li>\n\n\n\n<li><strong>Pr\u00e9face&nbsp;: Youssef AHOUZI, Directeur g\u00e9n\u00e9ral Portnet<\/strong><\/li>\n\n\n\n<li><strong>D\u00e9p\u00f4t L\u00e9gal : 2024MO5381<\/strong><\/li>\n\n\n\n<li><strong>ISBN :&nbsp; &nbsp; 978-9920-29-083-8<\/strong><\/li>\n\n\n\n<li><strong>Imprimerie: EL MAARIF AL JADIDA<\/strong><\/li>\n\n\n\n<li><strong>Nombre de pages&nbsp;: 416<\/strong><\/li>\n\n\n\n<li><strong>Prix&nbsp;: 150 Dhs<\/strong><\/li>\n<\/ul>\n\n\n\n<p><strong>Pr\u00e9sentation:<\/strong><\/p>\n\n\n\n<ul class=\"wp-block-list\">\n<li>Un contenu directement op\u00e9rationnel au quotidien.<\/li>\n\n\n\n<li>Une pr\u00e9sentation synth\u00e9tique et visuelle.<\/li>\n\n\n\n<li>Les r\u00e9f\u00e9rences cl\u00e9s pour aller plus loin.<\/li>\n<\/ul>\n\n\n\n<p><strong>Public vis\u00e9&nbsp;:<\/strong><\/p>\n\n\n\n<ul class=\"wp-block-list\">\n<li>Consultants externes ou internes.<\/li>\n\n\n\n<li>Commissionnaires en douane<\/li>\n\n\n\n<li>Responsables et Op\u00e9rateurs dans le domaine du commerce international.<\/li>\n\n\n\n<li>\u00c9tudiants et chercheurs.<\/li>\n<\/ul>\n\n\n\n<div class=\"wp-block-group\"><div class=\"wp-block-group__inner-container is-layout-constrained wp-block-group-is-layout-constrained\">\n<p><strong>L&rsquo;ouvrage est disponible actuellement dans les librairies suivantes:<\/strong><\/p>\n\n\n\n<ul class=\"wp-block-list\">\n<li><strong>Librairie papeterie marocaine. Tanger<\/strong><\/li>\n\n\n\n<li><strong>Librairie de Provence. Casablanca<\/strong><\/li>\n\n\n\n<li><strong>Librairie TAIF. Mohammedia<\/strong><\/li>\n\n\n\n<li><strong>Librairie ALfia. Rabat<\/strong><\/li>\n<\/ul>\n\n\n\n<p><strong><mark style=\"background-color:rgba(0, 0, 0, 0)\" class=\"has-inline-color has-black-color\">Sinon, pour commander votre copie et b\u00e9n\u00e9ficier de la livraison, il est possible de remplir le formulaire ci-apr\u00e8s:<\/mark><\/strong><\/p>\n\n\n\n<p class=\"has-text-align-center\"><a href=\"https:\/\/forms.gle\/exMi9gCWJhoAKvF37\"><strong><mark style=\"background-color:#ffffff\" class=\"has-inline-color has-black-color\">https:\/\/forms.gle\/exMi9gCWJhoAKvF37<\/mark><\/strong><\/a><\/p>\n\n\n\n<p class=\"has-text-align-center\"><div class=\"_df_book df-lite\" id=\"df_591\"  _slug=\"591\" data-title=\"management-logistique-internationale\" wpoptions=\"true\" thumb=\"https:\/\/www.amdafir.com\/wp-content\/uploads\/2025\/01\/livre-2025.png\" thumbtype=\"\" ><\/div><script class=\"df-shortcode-script\" nowprocket type=\"application\/javascript\">window.option_df_591 = {\"webgl\":\"true\",\"outline\":[],\"autoEnableOutline\":\"false\",\"autoEnableThumbnail\":\"false\",\"overwritePDFOutline\":\"false\",\"direction\":\"1\",\"pageSize\":\"0\",\"source\":\"https:\\\/\\\/www.amdafir.com\\\/wp-content\\\/uploads\\\/2025\\\/01\\\/livre-management-10.pdf\",\"wpOptions\":\"true\"}; if(window.DFLIP && window.DFLIP.parseBooks){window.DFLIP.parseBooks();}<\/script><\/p>\n<\/div><\/div>\n","protected":false},"excerpt":{"rendered":"<p>@ Boumaaz Younes\/Amine DAFIR 2025 Titre : MANAGEMENT DE LA LOGISTIQUE INTERNATIONALE : Techniques d\u2019import et d\u2019export Pr\u00e9sentation: Public vis\u00e9&nbsp;: L&rsquo;ouvrage est disponible actuellement dans les librairies suivantes: Sinon, pour commander votre copie et b\u00e9n\u00e9ficier de la livraison, il est possible de remplir le formulaire ci-apr\u00e8s: https:\/\/forms.gle\/exMi9gCWJhoAKvF37<\/p>\n","protected":false},"author":2,"featured_media":0,"parent":0,"menu_order":0,"comment_status":"closed","ping_status":"closed","template":"","meta":{"iawp_total_views":1996,"footnotes":""},"class_list":["post-566","page","type-page","status-publish","hentry"],"jetpack_sharing_enabled":true,"_links":{"self":[{"href":"https:\/\/www.amdafir.com\/index.php\/wp-json\/wp\/v2\/pages\/566","targetHints":{"allow":["GET"]}}],"collection":[{"href":"https:\/\/www.amdafir.com\/index.php\/wp-json\/wp\/v2\/pages"}],"about":[{"href":"https:\/\/www.amdafir.com\/index.php\/wp-json\/wp\/v2\/types\/page"}],"author":[{"embeddable":true,"href":"https:\/\/www.amdafir.com\/index.php\/wp-json\/wp\/v2\/users\/2"}],"replies":[{"embeddable":true,"href":"https:\/\/www.amdafir.com\/index.php\/wp-json\/wp\/v2\/comments?post=566"}],"version-history":[{"count":12,"href":"https:\/\/www.amdafir.com\/index.php\/wp-json\/wp\/v2\/pages\/566\/revisions"}],"predecessor-version":[{"id":600,"href":"https:\/\/www.amdafir.com\/index.php\/wp-json\/wp\/v2\/pages\/566\/revisions\/600"}],"wp:attachment":[{"href":"https:\/\/www.amdafir.com\/index.php\/wp-json\/wp\/v2\/media?parent=566"}],"curies":[{"name":"wp","href":"https:\/\/api.w.org\/{rel}","templated":true}]}}